is the units digit of j?
2
Let l(r) = 5 + r**2 + 0*r + r + 0 - 16 + 3. Suppose 2*j = -2*j + 12. What is the units digit of l(j)?
4
Let u = 81 + -129. Let w = -36 - u. Let c = 40 - w. What is the units digit of c?
8
Suppose i + 20399 + 31371 = 4*s, -5*s + 64713 = -i. What is the hundreds digit of s?
9
Suppose 0 = 62*d + 78*d - 5*d - 4264515. What is the hundreds digit of d?
5
Let v(a) be the first derivative of a**4/4 - 2*a**3/3 - 3*a**2 + 7*a - 14. Let n be v(4). What is the units digit of (-6)/(-15) + 1974/n?
2
Let o(d) = d**3 - 12*d**2 - 8*d + 20. Let m be o(13). Let s = -80 + m. What is the tens digit of 1/((-3)/(-447)) - (s - 8)?
5
Let o be (12/(-4))/(9/(-3)). Let t be -41*(-6 - -1) + o. Let f = 407 - t. What is the tens digit of f?
0
Let s(x) = 7*x**3 - 2*x**2 + 3*x + 4. Let a be s(3). Suppose -m + a = 15. Suppose -3*h = -3*l - 258, -m = -6*h + 4*h + 5*l. What is the tens digit of h?
8
Suppose 2*u - 47 = 2*q - 13, 5*u - 70 = 2*q. Suppose 0 = u*w - 6*w + 402. Let m = 153 + w. What is the units digit of m?
6
Suppose 159 = 5*c - 2*o, 3*c + o - 108 = -2*o. Suppose -6*b = -7*b + c. Suppose 282 - b = 4*g + p, -4*g = -3*p - 245. What is the tens digit of g?
6
What is the units digit of 3/((-29935)/14969 + 17 + -15)?
9
Suppose 23*p - 27*p + 10 = 2*j, -4*j + 20 = -3*p. Let c(o) = o**2 - o + 20. What is the tens digit of c(j)?
4
Let y = -186 + 312. Let p = -71 + y. What is the tens digit of p?
5
Let c(n) be the second derivative of 3*n**5/10 - n**4/6 + 3*n**3/2 - 15*n + 1. What is the tens digit of c(4)?
8
Let i = -42 - 33. Let g = -95 - i. What is the units digit of (445/g)/(-1)*4?
9
Let c = 6616 + -4268. What is the hundreds digit of (-11 - -7)/((-16)/c)?
5
Let w(s) = s**2 - 3*s - 8. Let o be w(5). Let x(i) = 3*i**3 - 6*i - 5*i**2 + 7*i**o - i**2 - i**3 + 7. What is the tens digit of x(2)?
1
Suppose 0*x + 2*x = -4*x. Suppose -3*s = -2*k - 13, x*k + s + 9 = -2*k. Let o(v) = -17*v + 31. What is the tens digit of o(k)?
1
Let l = 3 - 1. Suppose -12 = -3*b, 0 = -47*p + 50*p + b - 4. What is the tens digit of p + -1 - 0 - (-84)/l?
4
Let m(w) = -13*w**2 - 8*w + 583. Let t(g) = -7*g**2 - 4*g + 292. Let q(b) = 6*m(b) - 11*t(b). What is the hundreds digit of q(0)?
2
Let i(t) = 9*t - 3. Let g be i(1). Let b be g*4/((-36)/(-15)). Suppose 4*m - b = -m. What is the units digit of m?
2
Suppose -2*i + 3*c + 1667 = -6109, 0 = -4*i + 3*c + 15570. What is the thousands digit of i?
3
Suppose 53 = -2*x - 57. Let k = x - -67. What is the units digit of (6/12)/(2/k)?
3
Let z(h) = -6*h**2 - 4*h - 2. Let u(l) = 5*l**2 + 4*l + 2. Let q(i) = 4*u(i) + 3*z(i). Let w be q(-4). Let t = w - -1. What is the tens digit of t?
1
What is the hundreds digit of ((-120)/(-25))/(-8)*-5 - -2481?
4
Suppose -34*p = -60367 - 97631. What is the units digit of p?
7
Let o be (-2)/(-4) - ((-39)/6 - 1). Suppose 5 = o*c + 13. What is the hundreds digit of c + (-1)/2*-254 - -1?
1
Let g = -11 - -13. Suppose g*i + 1522 + 494 = 0. What is the units digit of 20/100 - (-2 - i/(-10))?
3
Let q(j) = 4*j**3 + 2*j - 2. Let x be q(2). Let m = 38 - x. Suppose -300 = -4*h - 2*g, m*h = 5*g - 4*g + 294. What is the units digit of h?
4
Let y = 178 - -29. Let i = 369 + y. What is the hundreds digit of i?
5
Let w be (-1)/(-2)*(1 + -1). Suppose -4*z + 2234 - 718 = w. What is the tens digit of z?
7
Suppose u - 12*w + 7*w - 156 = 0, -2*w - 144 = -u. Let x(m) = 2*m**2 - m - 3. Let q be x(-4). Let k = u - q. What is the hundreds digit of k?
1
Suppose d = -d - 4*y + 706, 338 = d - y. Let h = d - -280. What is the hundreds digit of h?
6
Suppose -2*z = -6, 3*n + 0*z - 2*z + 51 = 0. Let k = -11 - n. Suppose 0*p + 4*p - 3*s - 199 = 0, k*p - 179 = -s. What is the units digit of p?
6
Suppose -51*f = -52*f + 623. Suppose c + f = 6*c + w, -w - 627 = -5*c. Suppose -43 = h - c. What is the units digit of h?
2
Suppose 2*a - 48*a + 13*a + 702933 = 0. What is the tens digit of a?
0
Suppose 2*i = -x + 15, -2*i = -5*x - 6 - 27. What is the hundreds digit of -2 + 0/i - -1211?
2
Let p be 2*3/2 - (19 + -13652). Suppose -8*n = -p + 1476. What is the thousands digit of n?
1
Let g(d) = -21 + 22*d**3 - 20*d**3 - 18*d**2 - 26 + 9*d**2 + 16*d. What is the units digit of g(8)?
9
Let z be (2/(10/(-15)))/(-1). Suppose -z*a - 2*n + 156 = -2*a, 629 = 4*a + 3*n. Let x = -41 + a. What is the units digit of x?
7
Suppose -5*y - 24*r = -19*r - 85165, -3*r - 17033 = -y. What is the ten thousands digit of y?
1
Suppose -4*a + p + 25 = 0, 0*p + 25 = 3*a - 2*p. Suppose 0 = -4*n - a*d + 534, 3*n = 4*d - d + 414. Let w = n - 110. What is the units digit of w?
6
Let n = -9037 - -11868. What is the tens digit of n?
3
What is the tens digit of (-3)/(-21) + (9 - 56376/(-14))?
3
Suppose -q - 342 + 3593 = t, -4*q - 5*t + 12998 = 0. What is the thousands digit of q?
3
Suppose 2*s + 1228 + 1252 = 4*k, 1847 = 3*k + 5*s. Let q = 1 + -1. Suppose -3*z - l + 199 + k = 0, q = 3*z - 3*l - 810. What is the units digit of z?
2
Suppose 0 = -3*m + 2*p + 295 + 51, 4*m - 3*p - 462 = 0. Let l = -3 - -7. Suppose -5*a + l*u + 407 = m, 0 = 3*a + 2*u - 189. What is the units digit of a?
1
Let j = 28 + -38. Let s = 4 - j. Let c = 48 - s. What is the tens digit of c?
3
Suppose -13*f = -8*f - 5. What is the hundreds digit of 205 - -1 - (3 - f)?
2
Suppose -4*k + 78 = -j + 3*j, -12 = -k + 2*j. Let p be 936/(((-5)/30)/((-2)/k)). Suppose 0 = 4*g - g - 3*u - p, u = 1. What is the tens digit of g?
0
Suppose 0*q = 11*q - 88. Suppose 18*o + q = 16*o. Let s = 229 - o. What is the tens digit of s?
3
Let u = 2389 + 787. Suppose -3*r = 5*r - u. What is the tens digit of r?
9
Let m be 17 - (-22 + 21)/(1/3). Suppose -5*v = m, -u + 5*u = -3*v + 1104. What is the units digit of u?
9
Let j(b) = 3*b**3 + 172*b**2 - 201*b - 81. What is the units digit of j(-58)?
9
Let n = -20098 + 29652. What is the thousands digit of n?
9
Suppose 0 = 3*y - 6, 7*o + 4*y = 6*o + 11. What is the tens digit of 6632/(6 + 2) - o?
2
Let u = 410 - 92. Suppose -6*y = 5*o - 11*y - 1640, o - u = 3*y. What is the tens digit of o?
3
Suppose 0 = 2*z + 2*z - 9168. Suppose 8*t - z = 2*t. What is the hundreds digit of t?
3
Suppose 0 = -3*w + 4*g + 192, -g - 132 = -2*w + 3*g. Suppose w = 12*v - 180. What is the units digit of v?
0
Suppose h + 12 - 7 = 0. Let i(x) = 25*x - 23. Let j(z) = -12*z + 11. Let w(u) = h*j(u) - 3*i(u). What is the units digit of w(-6)?
4
Let z(f) = -15*f + f**2 - 11 + 5*f + 9*f. Let p be z(10). What is the units digit of (p/(-4))/((-150)/24 + 6)?
9
Let c(w) = 11*w**2 + 68*w + 18. Let u be c(-8). Let t = 34 + u. What is the hundreds digit of t?
2
What is the units digit of 2 + -7 - (-1)/((-6)/(-45540))?
5
Suppose 0 = -1861*t + 1869*t - 51792. What is the thousands digit of t?
6
Suppose 6146*m - 6101*m = 1236555. What is the ten thousands digit of m?
2
Let c = 55 + -60. Let z = -57 + c. Let s = -6 - z. What is the tens digit of s?
5
Suppose -11*p - 18*p = 12*p - 1698671. What is the ten thousands digit of p?
4
What is the tens digit of -3261*5*120/(-300)?
2
Suppose 0 = -91*i + 94*i + 24. What is the tens digit of (-1204)/(-4) + 0 + 5 + i?
9
Let s = -118 + 118. Suppose -4*m - 4 = s, -4*o - 5*m + 556 = -1131. What is the hundreds digit of o?
4
Suppose -6*c = 3*a - 3, -a + 5*a = 5*c - 35. Suppose s - 545 = 4*b - 21, 0 = c*b - 6. What is the hundreds digit of s?
5
Let b be ((-78)/45 + (-8)/(-20))*12. Let j be 44 + (b/4)/2. Suppose 21*y - j = 7*y. What is the units digit of y?
3
Suppose -4*u - 41023 = -9*u - 3*j, u + 5*j = 8209. What is the hundreds digit of u?
2
Suppose 26652 = 7*m - 8957. What is the hundreds digit of m?
0
Let a = -47 - -32. Let n be 6*(-1)/(a/(-10)). What is the tens digit of 182 - (6 + n + -4)?
8
Suppose 73*o + 34320 = 81*o. Suppose -1365 = -13*j + o. What is the tens digit of j?
3
Let b = -10 - -10. Let n be -1 + b + 0 + 35. Suppose -n - 34 = -4*h. What is the tens digit of h?
1
Suppose 0*x + m - 25959 = -5*x, 10386 = 2*x + m. What is the tens digit of x?
9
Let u(a) = 289*a - 158. Let l(w) = -2*w**2 + 26*w - 39. Let i be l(11). What is the tens digit of u(i)?
8
Let d = 51 - 37. Suppose y + d = 8*y. Let x = 109 + y. What is the units digit of x?
1
Suppose 30*s - 181384 = -12*s + 28*s. What is the thousands digit of s?
2
Let b = 121 - -79. Let q = 678 - b. Suppose 3*z - g = -0*g + q, -z = 2*g - 157. 